 51?
17
What is the highest common divisor of 200 and 494350?
50
What is the greatest common factor of 210703 and 23?
23
Calculate the greatest common divisor of 1308 and 13952.
436
Calculate the highest common divisor of 58586 and 44.
22
Calculate the greatest common divisor of 14532 and 49651.
1211
What is the highest common divisor of 154 and 30037?
7
Calculate the highest common factor of 5516663 and 37.
37
Calculate the greatest common divisor of 1596046 and 2.
2
What is the highest common factor of 432 and 39258?
54
What is the highest common factor of 295 and 12449?
59
Calculate the highest common divisor of 153447 and 42.
21
What is the highest common divisor of 1184 and 961112?
296
Calculate the highest common divisor of 730 and 2330.
10
Calculate the highest common factor of 23 and 25967.
23
Calculate the highest common factor of 56 and 48076.
28
Calculate the highest common factor of 42285 and 135.
15
Calculate the greatest common factor of 7300 and 1800.
100
What is the highest common divisor of 80102 and 21054?
242
What is the greatest common divisor of 428520 and 120?
120
Calculate the highest common divisor of 9987 and 459.
3
What is the greatest common divisor of 4338 and 288?
18
What is the highest common divisor of 847 and 74998?
77
Calculate the highest common factor of 6865 and 35.
5
What is the highest common divisor of 8464 and 5704?
184
Calculate the highest common factor of 19764 and 488.
244
Calculate the greatest common divisor of 11469 and 357.
3
Calculate the highest common factor of 39975 and 117.
39
Calculate the highest common factor of 120 and 26960.
40
What is the highest common factor of 636 and 42771?
159
Calculate the greatest common divisor of 16698 and 58650.
138
What is the highest common factor of 1209 and 169?
13
What is the highest common divisor of 615486 and 114?
114
What is the greatest common divisor of 35 and 8785?
35
Calculate the highest common divisor of 442755 and 135.
45
What is the highest common factor of 575 and 147131?
23
Calculate the highest common factor of 9184 and 37556.
164
Calculate the highest common divisor of 1235 and 4420.
65
Calculate the greatest common divisor of 4292 and 22852.
116
What is the greatest common divisor of 313 and 134903?
313
Calculate the highest common divisor of 3438 and 258.
6
Calculate the greatest common divisor of 129568 and 128.
32
Calculate the greatest common factor of 299 and 2507.
23
What is the highest common divisor of 13332 and 264?
132
Calculate the highest common divisor of 12719 and 2875.
23
Calculate the highest common divisor of 109 and 16716349.
109
Calculate the greatest common divisor of 2260 and 3880.
20
Calculate the highest common factor of 57640 and 213840.
440
What is the greatest common divisor of 218120 and 1786?
38
Calculate the highest common factor of 45068 and 945242.
1186
Calculate the greatest common divisor of 2080 and 34112.
416
What is the highest common divisor of 2595 and 555?
15
Calculate the greatest common divisor of 6804 and 3150.
126
What is the greatest common divisor of 744803 and 559?
43
Calculate the greatest common divisor of 276677 and 3033.
337
Calculate the greatest common divisor of 2256 and 31443.
141
What is the highest common factor of 915 and 11346?
183
Calculate the greatest common factor of 33550 and 11770.
110
What is the greatest common factor of 372801 and 711?
237
What is the greatest common divisor of 127 and 25?
1
What is the greatest common factor of 88243 and 79?
79
Calculate the greatest common divisor of 408 and 158423.
17
What is the greatest common factor of 5678 and 11690?
334
What is the highest common factor of 657 and 26928?
9
What is the greatest common factor of 8 and 454?
2
What is the highest common divisor of 4844 and 756?
28
Calculate the greatest common divisor of 531 and 33099.
177
Calculate the greatest common factor of 52887 and 408.
51
What is the greatest common factor of 80 and 19488?
16
What is the highest common divisor of 9 and 34584?
3
Calculate the greatest common divisor of 2720 and 7520.
160
What is the highest common factor of 90 and 36480?
30
Calculate the highest common factor of 84 and 267456.
84
Calculate the greatest common divisor of 18 and 3006.
18
What is the highest common divisor of 976599 and 26?
13
Calculate the greatest common factor of 1262 and 14.
2
Calculate the highest common factor of 1872 and 135616.
208
Calculate the highest common factor of 69978 and 11118.
654
What is the greatest common divisor of 1440 and 12560?
80
What is the greatest common factor of 1461 and 78?
3
Calculate the greatest common divisor of 408 and 6659988.
204
Calculate the highest common divisor of 35293 and 29.
29
What is the greatest common divisor of 11462483 and 191?
191
Calculate the greatest common factor of 57 and 569924.
19
What is the highest common factor of 8196 and 20184?
12
Calculate the highest common factor of 91495 and 435.
145
What is the highest common divisor of 187 and 52657?
11
What is the highest common factor of 304 and 966454?
38
Calculate the highest common factor of 5 and 54555.
5
What is the greatest common factor of 486 and 7866?
18
Calculate the greatest common factor of 198 and 7704.
18
What is the greatest common factor of 32 and 626576?
16
What is the greatest common divisor of 157807 and 91?
13
What is the highest common divisor of 806 and 1717586?
806
Calculate the greatest common factor of 6893 and 1159.
61
What is the greatest common divisor of 4069649 and 86?
43
Calculate the greatest common factor of 1846767 and 195.
39
Calculate the greatest common divisor of 70418 and 24158.
514
Calculate the greatest common divisor of 96810 and 610.
10
Calculate the greatest common divisor of 92844 and 2304.
36
Calculate the highest common divisor of 13795 and 30.
5
Calculate the greatest common factor of 52589 and 430.
43
What is the highest common divisor of 41 and 54612?
41
Calculate the greatest common divisor of 4028 and 905293.
1007
Calculate the highest common factor of 7 and 4441.
1
Calculate the highest common factor of 114427 and 954.
53
What is the highest common divisor of 24276 and 404022?
1734
Calculate the highest common divisor of 196 and 4486342.
98
What is the highest common divisor of 49 and 35?
7
What is the greatest common divisor of 86 and 21371?
43
What is the greatest common factor of 6788320 and 11?
11
Calculate the highest common factor of 27 and 101052.
9
Calculate the highest common factor of 65303 and 133.
133
What is the greatest common divisor of 32 and 2662?
2
Calculate the highest common divisor of 1664 and 11728.
16
What is the highest common factor of 123 and 73677?
123
Calculate the greatest common factor of 54988 and 1180.
236
What is the greatest common divisor of 6216576 and 384?
384
What is the greatest common factor of 1599367 and 308?
77
Calculate the highest common factor of 9202170 and 15.
15
What is the greatest common factor of 11144 and 168?
56
What is the highest common divisor of 2795 and 234565?
215
What is the highest common divisor of 900854 and 2980?
298
What is the greatest common divisor of 82947 and 903?
129
Calculate the greatest common divisor of 100 and 7627700.
100
What is the highest common factor of 81 and 570564?
81
Calculate the highest common divisor of 2312 and 3736.
8
Calculate the highest common factor of 15398 and 18.
2
What is the highest common divisor of 36 and 501894?
18
What is the greatest common divisor of 35 and 109375?
35
Calculate the highest common factor of 4640 and 102805.
145
What is the greatest common factor of 367662 and 696?
174
Calculate the highest common divisor of 195 and 3731.
13
What is the highest common divisor of 5922 and 82250?
658
Calculate the highest common factor of 16072 and 182.
14
Calculate the greatest common factor of 77392 and 182.
14
Calculate the greatest common factor of 155 and 13505615.
155
Calculate the greatest common factor of 508 and 1504.
4
Calculate the highest common divisor of 17776 and 110.
22
Calculate the highest common divisor of 1896375 and 325.
325
Calculate the greatest common divisor of 80085 and 190.
95
What is the greatest common factor of 2130 and 2965?
5
Calculate the greatest common divisor of 55513 and 215.
43
W